{"id":660,"date":"2020-05-27T16:00:12","date_gmt":"2020-05-27T16:00:12","guid":{"rendered":"https:\/\/lacentraldelcirc.cat\/esferacirc\/index.php\/aviso-legal\/"},"modified":"2020-05-27T16:11:22","modified_gmt":"2020-05-27T16:11:22","slug":"aviso-legal","status":"publish","type":"page","link":"https:\/\/lacentraldelcirc.cat\/esferacirc\/index.php\/aviso-legal\/","title":{"rendered":"Av\u00eds legal"},"content":{"rendered":"\t\t<div data-elementor-type=\"wp-page\" data-elementor-id=\"660\" class=\"elementor elementor-660\">\n\t\t\t\t\t\t<section data-particle_enable=\"false\" data-particle-mobile-disabled=\"false\" class=\"elementor-section elementor-top-section elementor-element elementor-element-15a0626f elementor-section-boxed elementor-section-height-default elementor-section-height-default\" data-id=\"15a0626f\" data-element_type=\"section\">\n\t\t\t\t\t\t<div class=\"elementor-container elementor-column-gap-default\">\n\t\t\t\t\t<div class=\"elementor-column elementor-col-100 elementor-top-column elementor-element elementor-element-3e304097\" data-id=\"3e304097\" data-element_type=\"column\">\n\t\t\t<div class=\"elementor-widget-wrap elementor-element-populated\">\n\t\t\t\t\t\t<div class=\"elementor-element elementor-element-94d7455 elementor-widget elementor-widget-heading\" data-id=\"94d7455\" data-element_type=\"widget\" data-widget_type=\"heading.default\">\n\t\t\t\t<div class=\"elementor-widget-container\">\n\t\t\t\t\t<h2 class=\"elementor-heading-title elementor-size-default\">Av\u00eds legal<\/h2>\t\t\t\t<\/div>\n\t\t\t\t<\/div>\n\t\t\t\t<div class=\"elementor-element elementor-element-24c5786 elementor-widget-divider--view-line elementor-widget elementor-widget-divider\" data-id=\"24c5786\" data-element_type=\"widget\" data-widget_type=\"divider.default\">\n\t\t\t\t<div class=\"elementor-widget-container\">\n\t\t\t\t\t\t\t<div class=\"elementor-divider\">\n\t\t\t<span class=\"elementor-divider-separator\">\n\t\t\t\t\t\t<\/span>\n\t\t<\/div>\n\t\t\t\t\t\t<\/div>\n\t\t\t\t<\/div>\n\t\t\t\t<div class=\"elementor-element elementor-element-7fe8b2ed elementor-widget elementor-widget-text-editor\" data-id=\"7fe8b2ed\" data-element_type=\"widget\" data-widget_type=\"text-editor.default\">\n\t\t\t\t<div class=\"elementor-widget-container\">\n\t\t\t\t\t\t\t\t\t<p><h3>DADES IDENTIFICATIVES DEL TITULAR DEL WEB<\/h3>\n<p>En compliment  del deure d&#8217;informaci\u00f3 estipulat en l&#8217;article 10 de la Llei 34\/2002 d&#8217; 11 de juliol dels Serveis de la Societat de la Informaci\u00f3 i del Comer\u00e7 Electr\u00f2nic, <strong><em>Associaci\u00f3 de Professionals del Circ de Catalunya (APCC)<\/em><\/strong>, amb NIF G-63748925, d&#8217;ara endavant <strong>Esfera Circ<\/strong>, en qualitat de titular del web <strong>lacentraldelcirc.cat\/esferacirc<\/strong>, amb adre\u00e7a a ESPLANADA DEL PARC DEL F\u00d2RUM, S\/N, codi postal 08019 a BARCELONA, direcci\u00f3 de correu electr\u00f2nic <a href=\"mailto:i&#110;%66&#111;&#64;l&#97;&#99;e&#110;&#116;r%61%6c%64e&#108;&#99;i%72&#99;%2ec%61&#116;\">i&#110;&#102;&#111;&#64;l&#97;&#99;entr&#97;l&#100;&#101;&#108;c&#105;&#114;c&#46;c&#97;t<\/a> y tel\u00e9fono <a href=\"tel:+34933560890\" title=\"tel\u00e8fon\">(+34) 93 356 08 90<\/a>, procedeix a comunicar-los la informaci\u00f3 que conforma i regula les condicions d&#8217;\u00fas d&#8217;aquesta p\u00e0gina, les limitacions de responsabilitat i les obligacions que els usuaris de la web que \u00e9s publicat sota el domini <strong><i>lacentraldelcirc.cat\/esferacirc<\/i><\/strong>, assumeixen i es comprometen a respectar.<\/p>\n<h3>CONDICIONS D&#8217;\u00daS<\/h3>\n<p>La utilitzaci\u00f3 de <strong>lacentraldelcirc.cat\/esferacirc<\/strong> atorga la condici\u00f3 d&#8217;<strong>Usuari<\/strong> de <strong>lacentraldelcirc.cat\/esferacirc<\/strong>, sigui persona f\u00edsica o jur\u00eddica i obligat\u00f2riament implica l&#8217;acceptaci\u00f3 completa, plena i sense reserves de totes i cadascuna de les cl\u00e0usules i condicions generals incloses en l&#8217;Av\u00eds Legal. Si l&#8217;<strong>Usuari<\/strong> no estigu\u00e9s conforme amb elles, s&#8217;abstindr\u00e0 d&#8217;utilitzar <strong>lacentraldelcirc.cat\/esferacirc<\/strong>. Aquest Av\u00eds Legal est\u00e0 subjecte a canvis i actualitzacions pel que la versi\u00f3 publicada per <strong>Esfera Circ<\/strong> pot ser diferent en cada moment en qu\u00e8 l&#8217;<strong>Usuari<\/strong> accedeixi al Portal. Per tant, l&#8217;<strong>Usuari<\/strong> ha de llegir l&#8217;Av\u00eds Legal en totes i cadascuna de les ocasions que accedeixi a <strong>lacentraldelcirc.cat\/esferacirc<\/strong>.<\/p>\n<p>A trav\u00e9s de <strong>lacentraldelcirc.cat\/esferacirc<\/strong>, <strong>Esfera Circ<\/strong> facilita a l&#8217;<strong>Usuari<\/strong> l&#8217;acc\u00e9s i utilitzaci\u00f3 de diversos continguts publicats per mitj\u00e0 d&#8217;Internet per <strong>Esfera Circ<\/strong> o per tercers autoritzats.<\/p>\n<p>L&#8217;<strong>Usuari<\/strong> est\u00e0 obligat i es compromet a utilitzar <strong>lacentraldelcirc.cat\/esferacirc<\/strong> i els continguts conforme a la legislaci\u00f3 vigent, l&#8217;Av\u00eds Legal i qualsevol altre av\u00eds o instrucci\u00f3 que es posin en coneixement, ja sigui per mitj\u00e0 d&#8217;aquest mateix Av\u00eds Legal o en qualsevol lloc dels continguts que conformen <strong>lacentraldelcirc.cat\/esferacirc<\/strong>, com s\u00f3n les normes de conviv\u00e8ncia, la moral i els bons costums generalment acceptades. En aquests termes, l&#8217;<strong>Usuari<\/strong> s&#8217;obliga i compromet a no emprar qualsevol dels continguts amb fins i efectes il\u00b7l\u00edcits, prohibits en l&#8217;Av\u00eds Legal o per la legislaci\u00f3 vigent, contrari als drets i interessos de tercers o que de qualsevol manera puguin fer mal, inutilitzar, sobrecarregar, deteriorar o impedir el normal \u00fas dels continguts, els equips inform\u00e0tics o els documents, arxius i tota classe de continguts magatzemats en qualsevol equip inform\u00e0tic propi o contractats per <strong>Esfera Circ<\/strong>, d&#8217;un altre <strong>Usuari<\/strong> o de qualsevol usuari d&#8217;Internet (hardware i software).<\/p>\n<p>L&#8217;<strong>Usuari<\/strong> s&#8217;obliga i compromet a no transmetre, difondre o posar a disposici\u00f3 de tercers qualsevol mena de material que formi part de <strong>lacentraldelcirc.cat\/esferacirc<\/strong>, com informacions, textos, dades, continguts, missatges, gr\u00e0fiques, dibuixos, arxius de so i\/o imatge, fotografies, gravacions, software, logos, marques, icones, tecnologia, enlla\u00e7os, disseny gr\u00e0fic i codis de fons, o qualsevol altre material al qual tingu\u00e9s acc\u00e9s en la seva condici\u00f3 d&#8217;<strong>Usuari<\/strong> de <strong>lacentraldelcirc.cat\/esferacirc<\/strong>, sense que aquesta enumeraci\u00f3 tingui car\u00e0cter restringit. Aix\u00ed mateix, conforme a tot plegat, l&#8217;<strong>Usuari<\/strong> no podr\u00e0:<\/p>\n<ul>\n<li>Reproduir, copiar, distribuir, posar a disposici\u00f3 o de qualsevol altra manera comunicar p\u00fablicament, transformar o modificar els continguts, excepte que tingui autoritzaci\u00f3 escrita i expl\u00edcita de <strong>Esfera Circ<\/strong>, que \u00e9s titular d&#8217;aquests drets, o b\u00e9 que estigui legalment perm\u00e8s.<\/li>\n<li>Suprimir, manipular o de qualsevol manera alterar el \u201ccopyright\u201d i altres dades identificatives de la reserva de drets de <strong>Esfera Circ<\/strong> o dels seus titulars, de les empremptes i\/o identificadors digitals, marques d&#8217;aigua o qualsevol altre medi t\u00e8cnic establerts pel seu reconeixement.<\/li>\n<\/ul>\n<p>L&#8217;<strong>Usuari<\/strong> s&#8217;abstindr\u00e0 d&#8217;obtenir i d&#8217;intentar accedir als continguts utilitzant mitjans o procediments diferents dels que, segons els casos, s&#8217;hagin posat a la seva disposici\u00f3 per aquesta finalitat, o s&#8217;hagin indicat per aquest fi en les p\u00e0gines web on es trobin els continguts, o en general, els que s&#8217;emprin habitualment a Internet per aquest efecte sempre que no provoquin cap risc de dany o inutilitzaci\u00f3 de la web <strong>lacentraldelcirc.cat\/esferacirc<\/strong>, o dels continguts.<\/p>\n<h3>PROPIETAT INTEL\u00b7LECTUAL<\/h3>\n<p>Totes les marques, noms comercials o signes distintius de qualsevol classe que apareixen a <strong>lacentraldelcirc.cat\/esferacirc<\/strong> s\u00f3n propietat de <strong>Esfera Circ<\/strong> o si no pot ser, dels seus respectius propietaris, sense que pugui entendre\u2019s en cap  cas que l\u2019\u00fas o acc\u00e9s al Portal i\/o als continguts  doni a l\u2019<strong>Usuari<\/strong> cap dret sobre les esmentades marques, noms comercials i\/o signes distintius i sense que es puguin entendre cedits a l&#8217;<strong>Usuari<\/strong>, com tampoc cap dret d\u2019explotaci\u00f3 que existeixin o puguin existir sobre aquests continguts. De la mateixa manera els continguts s\u00f3n propietat intel\u00b7lectual de <strong>Esfera Circ<\/strong>, o de tercers en el seu cas, per tant, els drets de Propietat Intel\u00b7lectual s\u00f3n de titularitat de <strong>Esfera Circ<\/strong> o de tercers a qui se\u2019ls hagi autoritzat el seu \u00fas, a qui correspon l\u2019exercici exclusiu dels drets d\u2019explotaci\u00f3 dels mateixos en qualsevol manera, i en especial, els drets de reproducci\u00f3, distribuci\u00f3, comunicaci\u00f3 p\u00fablica i transformaci\u00f3. L\u2019\u00fas no autoritzat de la informaci\u00f3 continguda en aquesta web, aix\u00ed com la lesi\u00f3 dels drets de la Propietat Intel\u00b7lectual o Industrial de <strong>Esfera Circ<\/strong> o de tercers inclosos en <strong>lacentraldelcirc.cat\/esferacirc<\/strong> que hagin cedit continguts donar\u00e0 lloc a les responsabilitats legalment establertes.<\/p>\n<h3>DISPONIBILITAT DE LACENTRALDELCIRC.CAT\/ESFERACIRC<\/h3>\n<p><strong>Esfera Circ<\/strong> no garanteix la inexist\u00e8ncia d&#8217;interrupcions o errades en l\u2019acc\u00e9s a <strong>lacentraldelcirc.cat\/esferacirc<\/strong>, als seus continguts, ni que aquests es trobin actualitzats, encara que desenvolupar\u00e0 esfor\u00e7os, per intentar evitar-los,  arranjar-los o actualitzar-los. Per tant, <strong>Esfera Circ<\/strong> no es responsabilitza dels danys o perjudicis de qualsevol classe produ\u00efts en l&#8217;<strong>Usuari<\/strong> provocats per errades o desconnexions en les xarxes de telecomunicacions que produeixen la suspensi\u00f3, cancel\u00b7laci\u00f3 o interrupci\u00f3 del servei del portal durant la prestaci\u00f3 del mateix o amb car\u00e0cter previ.<\/p>\n<p><strong>Esfera Circ<\/strong> exclou, excepte les contemplades en la legislaci\u00f3 vigent, qualsevol responsabilitat pels danys i perjudicis de tota naturalesa que esdevinguin de la falta de disponibilitat, continu\u00eftat o qualitat del funcionament de <strong>lacentraldelcirc.cat\/esferacirc<\/strong> i dels continguts, a l\u2019incompliment de l\u2019expectativa d\u2019utilitat que l&#8217;<strong>USUARI<\/strong> hagu\u00e9s pogut atribuir a <strong>lacentraldelcirc.cat\/esferacirc<\/strong> i als continguts.<\/p>\n<p>La funci\u00f3 dels Hiperenlla\u00e7os que apareguin en aquesta web \u00e9s exclusivament la d\u2019informar a l&#8217;<strong>Usuari<\/strong> sobre  l\u2019exist\u00e8ncia d\u2019altres web que tenen informaci\u00f3 sobre la mat\u00e8ria. Aquests Hiperenlla\u00e7os no constitueixen suggeriment ni recomanaci\u00f3.<\/p>\n<p><strong>Esfera Circ<\/strong>  no es fa responsable dels continguts de les p\u00e0gines enlla\u00e7ades, del funcionament o \u00fas dels Hiperenlla\u00e7os ni del resultat dels mateixos, ni garanteix l\u2019abs\u00e8ncia de virus o altres elements en els mateixos que puguin provocar alteracions en el sistema inform\u00e0tic (hardware i software), els documents o els fitxers de l&#8217;<strong>Usuari<\/strong>, excloent qualsevol responsabilitat pels danys de qualsevol classe causats a l&#8217;<strong>Usuari<\/strong> per aquest motiu.<\/p>\n<p>L&#8217;acc\u00e9s a <strong>lacentraldelcirc.cat\/esferacirc<\/strong> no implica l&#8217;obligaci\u00f3 per part de <strong>Esfera Circ<\/strong> de controlar l&#8217;abs\u00e8ncia de virus, cucs inform\u00e0tics o qualsevol altre element inform\u00e0tic danyat. Correspon a l&#8217;<strong>Usuari<\/strong>, en tot cas, la disponibilitat d\u2019eines adequades per la detecci\u00f3 i desinfecci\u00f3 de programes inform\u00e0tics danyats, pel que <strong>Esfera Circ<\/strong> no es fa responsable de les possibles errades de seguretat que es produeixin durant la prestaci\u00f3 del servei de <strong>lacentraldelcirc.cat\/esferacirc<\/strong>, ni dels possibles danys que puguin donar-se al sistema inform\u00e0tic de l&#8217;<strong>Usuari<\/strong> o de tercers (hardware i software), els fitxers o documents emmagatzemats en el mateix, com a conseq\u00fc\u00e8ncia de la pres\u00e8ncia de virus en l\u2019ordinador de l&#8217;<strong>Usuari<\/strong> emprat per la connexi\u00f3 als serveis i continguts de la web, d&#8217;un mal funcionament del navegador o de l&#8217;\u00fas de versions no actualitzades d&#8217;aquest.<\/p>\n<p>La prestaci\u00f3 del servei de <strong>lacentraldelcirc.cat\/esferacirc<\/strong> i dels continguts t\u00e9, en principi, una durada indefinida. Tanmateix, la prestaci\u00f3 del servei de <strong>Esfera Circ<\/strong>, o de qualsevol dels continguts en qualsevol moment. Quan sigui possible, <strong>Esfera Circ<\/strong> advertir\u00e0 pr\u00e8viament l&#8217;acabament o suspensi\u00f3 de <strong>lacentraldelcirc.cat\/esferacirc<\/strong>.<\/p>\n<h3>QUALITAT DE LACENTRALDELCIRC.CAT\/ESFERACIRC<\/h3>\n<p>Donat l\u2019entorn din\u00e0mic i canviant de la informaci\u00f3 i dels serveis que se subministren a trav\u00e9s de <strong>lacentraldelcirc.cat\/esferacirc<\/strong>, <strong>Esfera Circ<\/strong> posa \u00e8mfasi, per\u00f2 no garanteix la completa veracitat, exactitud, fiabilitat, utilitat i\/o actualitat dels continguts. La informaci\u00f3 de les p\u00e0gines d\u2019aquest Portal nom\u00e9s t\u00e9 car\u00e0cter informatiu, consultiu, divulgatiu i publicitari. En cap cas, ofereix o t\u00e9 car\u00e0cter de comprom\u00eds vinculant o contractual.<\/p>\n<h3>LIMITACI\u00d3 DE RESPONSABILITAT<\/h3>\n<p><strong>Esfera Circ<\/strong> exclou de tota responsabilitat per les decisions que l&#8217;<strong>Usuari<\/strong> pugui prendre basant-se en aquesta informaci\u00f3, aix\u00ed com per les possibles errades tipogr\u00e0fiques que puguin tenir els documents i elements gr\u00e0fics de <strong>lacentraldelcirc.cat\/esferacirc<\/strong>. La informaci\u00f3 est\u00e0 sotmesa a possibles canvis peri\u00f2dics sense previ av\u00eds per ampliaci\u00f3, millora, correcci\u00f3 o actualitzaci\u00f3 dels continguts.<\/p>\n<h3>NOTIFICACIONS<\/h3>\n<p>Totes les notificacions i comunicacions de <strong>Esfera Circ<\/strong> a l&#8217;<strong>Usuari<\/strong> efectuades per qualsevol mitj\u00e0 es consideraran eficaces a tots els efectes.<\/p>\n<h3>JURISDICCI\u00d3<\/h3>\n<p>Per totes les q\u00fcestions que es plantegin sobre la interpretaci\u00f3, aplicaci\u00f3 i compliment d\u2019aquest Av\u00eds Legal, aix\u00ed com de les reclamacions que puguin derivar-se del seu \u00fas, totes les parts que intervenen se sotmeten als Jutges i Tribunals de la prov\u00edncia de BARCELONA, renunciant de forma expressa a qualsevol altre fur o jurisdicci\u00f3 que pugui correspondre-li.<\/p>\n<h3>LEGISLACI\u00d3 APLICABLE<\/h3>\n<p>El present Av\u00eds Legal es regeix per la normativa espanyola vigent. <\/p><\/p>\n\r\n<p>&nbsp;<\/p>\t\t\t\t\t\t\t\t<\/div>\n\t\t\t\t<\/div>\n\t\t\t\t\t<\/div>\n\t\t<\/div>\n\t\t\t\t\t<\/div>\n\t\t<\/section>\n\t\t\t\t<\/div>\n\t\t","protected":false},"excerpt":{"rendered":"<p>Av\u00eds legal &nbsp;<\/p>\n","protected":false},"author":1,"featured_media":0,"parent":0,"menu_order":0,"comment_status":"closed","ping_status":"closed","template":"","meta":{"footnotes":""},"_links":{"self":[{"href":"https:\/\/lacentraldelcirc.cat\/esferacirc\/index.php\/wp-json\/wp\/v2\/pages\/660"}],"collection":[{"href":"https:\/\/lacentraldelcirc.cat\/esferacirc\/index.php\/wp-json\/wp\/v2\/pages"}],"about":[{"href":"https:\/\/lacentraldelcirc.cat\/esferacirc\/index.php\/wp-json\/wp\/v2\/types\/page"}],"author":[{"embeddable":true,"href":"https:\/\/lacentraldelcirc.cat\/esferacirc\/index.php\/wp-json\/wp\/v2\/users\/1"}],"replies":[{"embeddable":true,"href":"https:\/\/lacentraldelcirc.cat\/esferacirc\/index.php\/wp-json\/wp\/v2\/comments?post=660"}],"version-history":[{"count":2,"href":"https:\/\/lacentraldelcirc.cat\/esferacirc\/index.php\/wp-json\/wp\/v2\/pages\/660\/revisions"}],"predecessor-version":[{"id":673,"href":"https:\/\/lacentraldelcirc.cat\/esferacirc\/index.php\/wp-json\/wp\/v2\/pages\/660\/revisions\/673"}],"wp:attachment":[{"href":"https:\/\/lacentraldelcirc.cat\/esferacirc\/index.php\/wp-json\/wp\/v2\/media?parent=660"}],"curies":[{"name":"wp","href":"https:\/\/api.w.org\/{rel}","templated":true}]}}